= -w*s. List the prime factors of s.
3
Let v(h) = 3 + 1 - 5 + h. Let s be v(1). Suppose -x - 3*t + 19 + 28 = 0, 3*t = s. List the prime factors of x.
47
Let n(o) = o**2 + 11*o + 14. Suppose 5*i - 1 + 51 = 0. Let h be n(i). Suppose -32 + h = -4*w. What are the prime factors of w?
7
What are the prime factors of (-4078)/(-15) - (-2 - 168/(-90))?
2, 17
Suppose 8 = -8*f + 12*f. Suppose 2*w - 2 = -f*c, 2*w + 3*w = 2*c + 5. Suppose 0 = -o + 3*l + 14, -o - 3*l + 10 + 10 = c. List the prime factors of o.
17
Let v(q) = q**3 + 62*q**2 + 79*q + 7. What are the prime factors of v(-60)?
2467
Let v = -8283 + 11604. List the prime factors of v.
3, 41
Let x(r) be the first derivative of r**3/3 + 5*r**2/2 + 6*r + 1. Let c be x(-6). Let l(h) = 2*h - 7. List the prime factors of l(c).
17
Suppose -5*g + 1288 = -9*g. List the prime factors of (100/(-70))/(2/g).
2, 5, 23
Let r(h) = 103*h**3 + 4*h**2 - 17*h + 9. List the prime factors of r(2).
5, 163
Let j(p) = 5*p**2 - 8*p + 3. Let u be j(3). Let f(v) = 4*v + u + 6*v**2 - 22 + v. List the prime factors of f(-4).
2, 3, 13
Suppose 5*u + 2*j = 1864, -2*j - 2*j = -8. List the prime factors of u.
2, 3, 31
List the prime factors of 2/(-9) - 7/(504/(-19816)).
5, 11
What are the prime factors of (1 + 3819/(-9))/(41/(-123))?
2, 5, 127
What are the prime factors of 1 + 611 + (-9 + -3)/(-12)?
613
Suppose -5*f - w = -8*f + 15, -12 = -3*f + 2*w. Suppose 2*c - 250 = -2*r, 0 = -2*c + f*c - 3*r - 514. What are the prime factors of c?
127
Let a = 38 - 35. Suppose l = 0, -a*l - 316 = -4*q - 0*l. List the prime factors of q.
79
List the prime factors of (188/(-8))/(3/(-66)).
11, 47
Let u(m) = -10*m**2 - 15*m + 5. Let p(s) = -5*s**2 - 7*s + 2. Let w(b) = -7*p(b) + 3*u(b). List the prime factors of w(-5).
2, 53
Suppose 0 = -13*f - 1749 + 9848. List the prime factors of f.
7, 89
Suppose -2*i - i + 277 = -4*c, -5*i + 485 = 5*c. Let s be 22/(-33) + i/3. Suppose -y + s = -5*w, 3*w + 35 = y + 2*w. What are the prime factors of y?
2, 3
Let k be 18/(-2 - (-1 + 1)). Let a(s) = -8*s - 25. What are the prime factors of a(k)?
47
Let h be 27/(-2) + 6/(-4). Let r be ((-42)/(-7))/(4/(-6)). Let v = r - h. List the prime factors of v.
2, 3
Let r(u) = u**2 + 5*u + 7. Let b be r(-4). Suppose 5*o + 0*l - 356 = -l, -5*l - 236 = -b*o. What are the prime factors of o?
2, 3
Suppose 5*n + 24 = -n. Suppose -3*g = 1 - 43. Let p = g + n. What are the prime factors of p?
2, 5
Let h(f) = 2*f**3 + 78. Let p be h(0). Let v = -59 + p. List the prime factors of v.
19
Let o(g) = -84*g**3 - g**2 + g + 2. Let m be o(-1). Let h = 198 - m. What are the prime factors of h?
2, 3, 19
Suppose 5*b = n - 4, 4*n - 14 - 2 = 0. Suppose -4*t - 7 = 2*a + 17, a + 4*t + 20 = b. List the prime factors of a/6*-18 - 4.
2
Let y(p) be the second derivative of -p**3/6 + 5*p**2 + 3*p. Let x be y(6). Suppose 15 = d + x*d. List the prime factors of d.
3
Let g(u) = u**2 - 10*u - 22. Let y be g(12). Suppose -y*t + 5*z = -214, 5*t + 0*t - 4*z = 501. What are the prime factors of t?
97
Let j(t) = 21*t - 16. List the prime factors of j(4).
2, 17
Let p be (-2 - -2)/(8 + -9). Let n(o) = -o - 1. Let b(g) = 3*g + 39. Let a(f) = b(f) + 4*n(f). What are the prime factors of a(p)?
5, 7
Let t(p) = 25*p - 1. Let u be t(-2). Let s = -36 - u. Let c = s + 16. What are the prime factors of c?
31
Let k(w) be the second derivative of -w**5/20 - w**4/2 - 5*w**3/2 - w**2 - 5*w. What are the prime factors of k(-5)?
2, 3
Suppose -j - 14089 = -3*h, -78*j = 4*h - 80*j - 18784. What are the prime factors of h?
7, 11, 61
Suppose -56122 + 9334 = -42*o. What are the prime factors of o?
2, 557
Let j = 449 + -168. Suppose 5*n + 4 = 3*n, 0 = -3*l - 2*n + j. What are the prime factors of l?
5, 19
Let r(o) = o + 8. Let n be 50*(-2)/(-8)*2. Suppose 0*a = -5*a - n. List the prime factors of r(a).
3
Suppose -4*l + 8*l = -5*f + 4887, -4*f = 4. List the prime factors of l.
1223
Suppose -4*y = -2*y + 68. Suppose -4*z + 5*g - 23 = 85, 4*z = g - 92. Let r = z - y. What are the prime factors of r?
2, 3
Suppose 3*v = -0*v + 357. What are the prime factors of v?
7, 17
Suppose 447 = b - 5*r, -5*b - 623 = -3*r - 2968. List the prime factors of b.
2, 59
List the prime factors of (-10)/(-8) - (-10530)/24.
2, 5, 11
Let b = -173 - -166. Let c be (-4)/14 + 33/(-7). Let z = c - b. List the prime factors of z.
2
Let j(w) = 3*w + 62. Let o be j(-23). What are the prime factors of 1332/14 - o/(-49)?
5, 19
Let z(o) = 15*o + 49 - 5*o - o**2 + 22*o. List the prime factors of z(28).
7, 23
What are the prime factors of (-4)/(((-2)/(-328))/((-28)/16))?
2, 7, 41
Let r be (6/(-18))/(1/(-6)). Let l be 1*r*(-9)/(-9). Suppose -l*u + 3*u = 8. What are the prime factors of u?
2
Let t = -72 - -481. List the prime factors of t.
409
Suppose 10299 = 4*u - 3*q, -5*u + 7424 = -5*q - 5451. What are the prime factors of u?
2, 3, 11, 13
Let b = 76 + 38. Let m = 177 - b. List the prime factors of m.
3, 7
Let c(x) = x**3 - 8*x**2 + 18*x + 1. Let n be c(8). Let s = n - 84. What are the prime factors of s?
61
Suppose 713 = -7*z + 3947. List the prime factors of z.
2, 3, 7, 11
Let m(p) = 2*p**3 + 31*p**2 + 14*p - 1. Let i(x) = x**3 + 16*x**2 + 7*x - 1. Let k(j) = -11*i(j) + 6*m(j). List the prime factors of k(-4).
73
Let l(z) = -2*z**3 + 41*z**2 + 11*z - 58. What are the prime factors of l(7)?
2, 11, 61
Let b(x) = x**2 - 7*x - 15. Let t be b(9). Suppose l = 3*f + 115, 8*l = 4*l - 3*f + 385. Suppose t*k - l = -10. What are the prime factors of k?
2, 3, 5
Let a(l) = -l + 3. Let i be a(4). Let f be 24 + (i - 1 - -1). Suppose -f = -o + 3. What are the prime factors of o?
2, 13
Let u(z) be the third derivative of -13*z**4/24 - 2*z**3 - 9*z**2. Let i be u(-8). Suppose 4*t + i = 276. What are the prime factors of t?
2, 23
Let u = 46 + -45. What are the prime factors of 191/4 + u/4?
2, 3
Let z = -3239 - -335. What are the prime factors of z/(-10) + 2/(-5)?
2, 5, 29
Let a(l) = -l**3 - 21*l**2 - 40*l + 24. What are the prime factors of a(-20)?
2, 53
Let m be (-4 - -4)/3*1. Suppose 2*v - 82 = -m*v. What are the prime factors of v?
41
Suppose 2*s - 1057 = 3*o, 4*s - 3*o - 289 = 1840. What are the prime factors of s?
2, 67
Let o = -1672 + 3238. List the prime factors of o.
2, 3, 29
Suppose -3*j - 3*s = -13 - 8, 4*s - 7 = 3*j. Suppose -c = j - 22. Let t = c - 11. List the prime factors of t.
2
Let a = 115 + 352. What are the prime factors of a?
467
Suppose 4*u - 11 = 1. Suppose 5*l - d - 211 = 0, -116 = -5*l - u*d + 111. List the prime factors of l.
43
Suppose 3*l = 2*n + 90, 99 = 4*l + 4*n - 1. Suppose -q + l = k - 5*k, -4*q - k + 95 = 0. List the prime factors of q.
2, 3
Suppose 45*t - 40*t - 705 = 0. What are the prime factors of t?
3, 47
Suppose 4*k - 24 = -76. Let d = k - -30. List the prime factors of d.
17
Let k(u) = -2*u**3 + 15*u**2 - 2*u - 15. Let g be k(7). Let r = g - -6. What are the prime factors of r?
2, 13
Suppose -3*i + 5*v - 5 = 0, -4*i = -7*i + 4*v - 7. Let d(a) = 4*a**2 + 9*a + 16. List the prime factors of d(i).
71
Suppose j - 16 - 6 = 0. Suppose -l + 3*l - 4*a + j = 0, -3*a = -15. List the prime factors of (66 - 17) + (l - -1).
7
Let a = -336 - -175. List the prime factors of 4/(-20) + a/(-5).
2
Let s = -48 + 37. Let q = s + 39. What are the prime factors of q?
2, 7
Let c = 671 + -416. Suppose -5*t - n + 315 + c = 0, -2*t + 255 = -5*n. List the prime factors of t.
5, 23
Suppose 4*q + 2*v - 14 = 5*q, -5*q = 4*v. Let a(u) = 5*u**2 - 4*u - 1. What are the prime factors of a(q)?
5, 19
Let n be (27/36)/((-2)/(-216)). Let b = 92 - n. List the prime factors of b.
11
Suppose 509 = -16*k - 5555. Let y = -216 - k. List the prime factors of y.
163
Let u = 2957 + -1722. What are the prime factors of u?
5, 13, 19
Suppose -3 + 5 = m. Suppose -m*r + 0*k + 332 = -2*k, 4*r - 671 = -3*k. What are the prime factors of r?
167
Let y(r) be the second derivative of -1/12*r**4 - 9/2*r**2 + 7/3*r**3 + 0 + 6*r. What are the prime factors of y(12)?
3, 5
Let d(c) = -c**3 + 8*c**2 - 5*c - 2. What are the prime factors of d(-9)?
2, 5, 71
Suppose -5*h = 767 - 242. What are the prime factors of 2/(-10) + (-3801)/h?
2, 3
Suppose -910 - 10717 = -7*g. What are the prime factors of g?
11, 151
Suppose -v - 4*x = 57, 2*v + 114 = -2*x - x. Let f = 84 + v. List the prime factors of f.
3
Let f be (-16)/(